{"id":81,"date":"2025-02-27T08:32:28","date_gmt":"2025-02-27T08:32:28","guid":{"rendered":"https:\/\/mstefaniszyn.ksr.zgo.pl\/?page_id=81"},"modified":"2025-03-31T08:26:32","modified_gmt":"2025-03-31T08:26:32","slug":"o-kancelarii","status":"publish","type":"page","link":"https:\/\/mstefaniszyn.ksr.zgo.pl\/index.php\/o-kancelarii\/","title":{"rendered":"O Kancelarii"},"content":{"rendered":"\t\t<div data-elementor-type=\"wp-page\" data-elementor-id=\"81\" class=\"elementor elementor-81\">\n\t\t\t\t<div class=\"elementor-element elementor-element-11296b8 e-flex e-con-boxed e-con e-parent\" data-id=\"11296b8\" data-element_type=\"container\">\n\t\t\t\t\t<div class=\"e-con-inner\">\n\t\t\t\t<div class=\"elementor-element elementor-element-9233a9f elementor-widget elementor-widget-text-editor\" data-id=\"9233a9f\" data-element_type=\"widget\" data-widget_type=\"text-editor.default\">\n\t\t\t\t<div class=\"elementor-widget-container\">\n\t\t\t\t\t\t\t\t\t<p>Kancelaria zosta\u0142a utworzona przez komornika Magdalen\u0119 Stefaniszyn, celem realizowania ustawowych zada\u0144, do kt\u00f3rych w szczeg\u00f3lno\u015bci nale\u017cy wykonywanie:\u00a0<\/p><ul><li>egzekucji \u015bwiadcze\u0144 pieni\u0119\u017cnych<\/li><li>zabezpiecze\u0144<\/li><li>eksmisji<\/li><li>wydania nieruchomo\u015bci<\/li><li>wydania ruchomo\u015bci<\/li><li>spis\u00f3w inwentarza<\/li><\/ul><p>Komornik jest uprawniony do pozyskiwania informacji min. od organ\u00f3w administracji publicznej, urz\u0119d\u00f3w skarbowych, rentowych, bank\u00f3w, organ\u00f3w sp\u00f3\u0142dzielni mieszkaniowych, niezb\u0119dnych do prawid\u0142owego prowadzenia post\u0119powania egzekucyjnego, wykonania postanowienia o udzieleniu zabezpieczenia oraz wykonania innych czynno\u015bci wchodz\u0105cych w zakres jego ustawowych zada\u0144, w szczeg\u00f3lno\u015bci dotycz\u0105cych stanu maj\u0105tkowego d\u0142u\u017cnika.<\/p><p>Nasza Kancelaria Komornicza wykorzystuje do pracy szereg rozwi\u0105za\u0144 technicznych, kt\u00f3re pozwalaj\u0105 w znaczny spos\u00f3b skr\u00f3ci\u0107 czas potrzebny do skutecznego ustalenia maj\u0105tku d\u0142u\u017cnika.<\/p>\t\t\t\t\t\t\t\t<\/div>\n\t\t\t\t<\/div>\n\t\t\t\t\t<\/div>\n\t\t\t\t<\/div>\n\t\t<div class=\"elementor-element elementor-element-d1bb21f e-grid e-con-boxed e-con e-parent\" data-id=\"d1bb21f\" data-element_type=\"container\">\n\t\t\t\t\t<div class=\"e-con-inner\">\n\t\t\t\t<div class=\"elementor-element elementor-element-efdc485 elementor-position-left elementor-vertical-align-middle elementor-widget elementor-widget-image-box\" data-id=\"efdc485\" data-element_type=\"widget\" data-widget_type=\"image-box.default\">\n\t\t\t\t<div class=\"elementor-widget-container\">\n\t\t\t\t\t<div class=\"elementor-image-box-wrapper\"><figure class=\"elementor-image-box-img\"><img fetchpriority=\"high\" decoding=\"async\" width=\"1000\" height=\"400\" src=\"https:\/\/mstefaniszyn.ksr.zgo.pl\/wp-content\/uploads\/2025\/03\/komornicy_0006_logo_eZUS.png\" class=\"attachment-full size-full wp-image-182\" alt=\"\" srcset=\"https:\/\/mstefaniszyn.ksr.zgo.pl\/wp-content\/uploads\/2025\/03\/komornicy_0006_logo_eZUS.png 1000w, https:\/\/mstefaniszyn.ksr.zgo.pl\/wp-content\/uploads\/2025\/03\/komornicy_0006_logo_eZUS-300x120.png 300w, https:\/\/mstefaniszyn.ksr.zgo.pl\/wp-content\/uploads\/2025\/03\/komornicy_0006_logo_eZUS-768x307.png 768w\" sizes=\"(max-width: 1000px) 100vw, 1000px\" \/><\/figure><div class=\"elementor-image-box-content\"><p class=\"elementor-image-box-description\"><b>eZUS<\/b> \u2013 \nto narz\u0119dzie umo\u017cliwiaj\u0105ce szybkie i bezpieczne sk\u0142adanie zapyta\u0144 dotycz\u0105cych d\u0142u\u017cnik\u00f3w drog\u0105 elektroniczn\u0105. Dzi\u0119ki tej platformie, kancelaria komornicza uzyskuje niezb\u0119dne informacje w spos\u00f3b b\u0142yskawiczny, co znacz\u0105co przyspiesza prowadzenie post\u0119powa\u0144 egzekucyjnych.<\/p><\/div><\/div>\t\t\t\t<\/div>\n\t\t\t\t<\/div>\n\t\t\t\t<div class=\"elementor-element elementor-element-39672ce elementor-position-left elementor-vertical-align-middle elementor-widget elementor-widget-image-box\" data-id=\"39672ce\" data-element_type=\"widget\" data-widget_type=\"image-box.default\">\n\t\t\t\t<div class=\"elementor-widget-container\">\n\t\t\t\t\t<div class=\"elementor-image-box-wrapper\"><figure class=\"elementor-image-box-img\"><img decoding=\"async\" width=\"1000\" height=\"400\" src=\"https:\/\/mstefaniszyn.ksr.zgo.pl\/wp-content\/uploads\/2025\/03\/komornicy_0000_logo_KO.png\" class=\"attachment-full size-full wp-image-187\" alt=\"\" srcset=\"https:\/\/mstefaniszyn.ksr.zgo.pl\/wp-content\/uploads\/2025\/03\/komornicy_0000_logo_KO.png 1000w, https:\/\/mstefaniszyn.ksr.zgo.pl\/wp-content\/uploads\/2025\/03\/komornicy_0000_logo_KO-300x120.png 300w, https:\/\/mstefaniszyn.ksr.zgo.pl\/wp-content\/uploads\/2025\/03\/komornicy_0000_logo_KO-768x307.png 768w\" sizes=\"(max-width: 1000px) 100vw, 1000px\" \/><\/figure><div class=\"elementor-image-box-content\"><p class=\"elementor-image-box-description\"><b>Komornik Online<\/b> to system, kt\u00f3ry umo\u017cliwia zdalny podgl\u0105d post\u0119powa\u0144 egzekucyjnych z dowolnego miejsca. Z platformy mog\u0105 korzysta\u0107 zar\u00f3wno wierzyciele, jak i pe\u0142nomocnicy, kt\u00f3rzy maj\u0105 dost\u0119p wy\u0142\u0105cznie do swoich spraw, co zapewnia pe\u0142n\u0105 ochron\u0119 danych i wygod\u0119 w zarz\u0105dzaniu post\u0119powaniami.<\/p><\/div><\/div>\t\t\t\t<\/div>\n\t\t\t\t<\/div>\n\t\t\t\t<div class=\"elementor-element elementor-element-26cc34f elementor-position-left elementor-vertical-align-middle elementor-widget elementor-widget-image-box\" data-id=\"26cc34f\" data-element_type=\"widget\" data-widget_type=\"image-box.default\">\n\t\t\t\t<div class=\"elementor-widget-container\">\n\t\t\t\t\t<div class=\"elementor-image-box-wrapper\"><figure class=\"elementor-image-box-img\"><img decoding=\"async\" width=\"1000\" height=\"400\" src=\"https:\/\/mstefaniszyn.ksr.zgo.pl\/wp-content\/uploads\/2025\/03\/komornicy_0007_Logotyp_Ognivo.png\" class=\"attachment-full size-full wp-image-186\" alt=\"\" srcset=\"https:\/\/mstefaniszyn.ksr.zgo.pl\/wp-content\/uploads\/2025\/03\/komornicy_0007_Logotyp_Ognivo.png 1000w, https:\/\/mstefaniszyn.ksr.zgo.pl\/wp-content\/uploads\/2025\/03\/komornicy_0007_Logotyp_Ognivo-300x120.png 300w, https:\/\/mstefaniszyn.ksr.zgo.pl\/wp-content\/uploads\/2025\/03\/komornicy_0007_Logotyp_Ognivo-768x307.png 768w\" sizes=\"(max-width: 1000px) 100vw, 1000px\" \/><\/figure><div class=\"elementor-image-box-content\"><p class=\"elementor-image-box-description\"><b>Ognivo<\/b > -  innowacyjny system umo\u017cliwiaj\u0105cy bezpieczn\u0105 obs\u0142ug\u0119 zapyta\u0144 oraz zaj\u0119\u0107 egzekucyjnych w trybie online, \u0142\u0105cz\u0105c banki z kancelari\u0105 komornicz\u0105. Dzi\u0119ki tej platformie, procesy, kt\u00f3re wcze\u015bniej odbywa\u0142y si\u0119 papierowo, s\u0105 teraz realizowane znacznie szybciej i efektywniej, co wp\u0142ywa na przyspieszenie realizacji zada\u0144 egzekucyjnych.<\/p><\/div><\/div>\t\t\t\t<\/div>\n\t\t\t\t<\/div>\n\t\t\t\t<div class=\"elementor-element elementor-element-f4a341a elementor-position-left elementor-vertical-align-middle elementor-widget elementor-widget-image-box\" data-id=\"f4a341a\" data-element_type=\"widget\" data-widget_type=\"image-box.default\">\n\t\t\t\t<div class=\"elementor-widget-container\">\n\t\t\t\t\t<div class=\"elementor-image-box-wrapper\"><figure class=\"elementor-image-box-img\"><img loading=\"lazy\" decoding=\"async\" width=\"768\" height=\"307\" src=\"https:\/\/mstefaniszyn.ksr.zgo.pl\/wp-content\/uploads\/2025\/03\/komornicy_0001_logo_cepik-768x307.png\" class=\"attachment-medium_large size-medium_large wp-image-190\" alt=\"\" srcset=\"https:\/\/mstefaniszyn.ksr.zgo.pl\/wp-content\/uploads\/2025\/03\/komornicy_0001_logo_cepik-768x307.png 768w, https:\/\/mstefaniszyn.ksr.zgo.pl\/wp-content\/uploads\/2025\/03\/komornicy_0001_logo_cepik-300x120.png 300w, https:\/\/mstefaniszyn.ksr.zgo.pl\/wp-content\/uploads\/2025\/03\/komornicy_0001_logo_cepik.png 1000w\" sizes=\"(max-width: 768px) 100vw, 768px\" \/><\/figure><div class=\"elementor-image-box-content\"><p class=\"elementor-image-box-description\"><b>CEPiK<\/b> -  system umo\u017cliwiaj\u0105cy szybkie pozyskiwanie informacji na temat pojazd\u00f3w zarejestrowanych na d\u0142u\u017cnika. Kancelaria komornicza korzysta z tego narz\u0119dzia do sk\u0142adania zapyta\u0144 o pojazdy d\u0142u\u017cnik\u00f3w, co pozwala na efektywne prowadzenie post\u0119powa\u0144 egzekucyjnych dotycz\u0105cych maj\u0105tku ruchomego.<\/p><\/div><\/div>\t\t\t\t<\/div>\n\t\t\t\t<\/div>\n\t\t\t\t<div class=\"elementor-element elementor-element-ea72b37 elementor-position-left elementor-vertical-align-middle elementor-widget elementor-widget-image-box\" data-id=\"ea72b37\" data-element_type=\"widget\" data-widget_type=\"image-box.default\">\n\t\t\t\t<div class=\"elementor-widget-container\">\n\t\t\t\t\t<div class=\"elementor-image-box-wrapper\"><figure class=\"elementor-image-box-img\"><img loading=\"lazy\" decoding=\"async\" width=\"200\" height=\"80\" src=\"https:\/\/mstefaniszyn.ksr.zgo.pl\/wp-content\/uploads\/2025\/02\/komornik_epuap-5.png\" class=\"attachment-full size-full wp-image-87\" alt=\"\" \/><\/figure><div class=\"elementor-image-box-content\"><p class=\"elementor-image-box-description\"><b>ePUAP<\/b> - Elektroniczna Platforma Us\u0142ug Administracji Publicznej \u2013 Za pomoc\u0105 tego systemu komornik mo\u017ce przyspieszy\u0107 korespondencj\u0119 z urz\u0119dami gdy\u017c odbywa si\u0119 ona elektronicznie.<\/p><\/div><\/div>\t\t\t\t<\/div>\n\t\t\t\t<\/div>\n\t\t\t\t<div class=\"elementor-element elementor-element-0198e88 elementor-position-left elementor-vertical-align-middle elementor-widget elementor-widget-image-box\" data-id=\"0198e88\" data-element_type=\"widget\" data-widget_type=\"image-box.default\">\n\t\t\t\t<div class=\"elementor-widget-container\">\n\t\t\t\t\t<div class=\"elementor-image-box-wrapper\"><figure class=\"elementor-image-box-img\"><img loading=\"lazy\" decoding=\"async\" width=\"1000\" height=\"400\" src=\"https:\/\/mstefaniszyn.ksr.zgo.pl\/wp-content\/uploads\/2025\/03\/komornicy_0004_logo_CEIDG.png\" class=\"attachment-full size-full wp-image-191\" alt=\"\" srcset=\"https:\/\/mstefaniszyn.ksr.zgo.pl\/wp-content\/uploads\/2025\/03\/komornicy_0004_logo_CEIDG.png 1000w, https:\/\/mstefaniszyn.ksr.zgo.pl\/wp-content\/uploads\/2025\/03\/komornicy_0004_logo_CEIDG-300x120.png 300w, https:\/\/mstefaniszyn.ksr.zgo.pl\/wp-content\/uploads\/2025\/03\/komornicy_0004_logo_CEIDG-768x307.png 768w\" sizes=\"(max-width: 1000px) 100vw, 1000px\" \/><\/figure><div class=\"elementor-image-box-content\"><p class=\"elementor-image-box-description\"><b>CEIDG<\/b> - system, kt\u00f3ry pozwala na uzyskanie danych o dzia\u0142alno\u015bci gospodarczej d\u0142u\u017cnika, w tym dost\u0119p do niepublicznych informacji, takich jak numer PESEL czy adres zamieszkania. Dzi\u0119ki temu komornik mo\u017ce precyzyjnie ustali\u0107 maj\u0105tek d\u0142u\u017cnika, co u\u0142atwia skuteczn\u0105 egzekucj\u0119 nale\u017cno\u015bci.<\/p><\/div><\/div>\t\t\t\t<\/div>\n\t\t\t\t<\/div>\n\t\t\t\t<div class=\"elementor-element elementor-element-ecce34f elementor-position-left elementor-vertical-align-middle elementor-widget elementor-widget-image-box\" data-id=\"ecce34f\" data-element_type=\"widget\" data-widget_type=\"image-box.default\">\n\t\t\t\t<div class=\"elementor-widget-container\">\n\t\t\t\t\t<div class=\"elementor-image-box-wrapper\"><figure class=\"elementor-image-box-img\"><img loading=\"lazy\" decoding=\"async\" width=\"1000\" height=\"400\" src=\"https:\/\/mstefaniszyn.ksr.zgo.pl\/wp-content\/uploads\/2025\/03\/komornicy_0003_log_epu.png\" class=\"attachment-full size-full wp-image-192\" alt=\"\" srcset=\"https:\/\/mstefaniszyn.ksr.zgo.pl\/wp-content\/uploads\/2025\/03\/komornicy_0003_log_epu.png 1000w, https:\/\/mstefaniszyn.ksr.zgo.pl\/wp-content\/uploads\/2025\/03\/komornicy_0003_log_epu-300x120.png 300w, https:\/\/mstefaniszyn.ksr.zgo.pl\/wp-content\/uploads\/2025\/03\/komornicy_0003_log_epu-768x307.png 768w\" sizes=\"(max-width: 1000px) 100vw, 1000px\" \/><\/figure><div class=\"elementor-image-box-content\"><p class=\"elementor-image-box-description\"><b>EPU<\/b> - system, kt\u00f3ry umo\u017cliwia sk\u0142adanie wniosk\u00f3w egzekucyjnych za po\u015brednictwem Internetu. Kancelaria komornicza posiada dost\u0119p do Elektronicznego Post\u0119powania Upominawczego w S\u0105dzie Rejonowym Lublin-Zach\u00f3d, co przyspiesza proces egzekucji i pozwala na szybsze dochodzenie roszcze\u0144 wierzycieli.<\/p><\/div><\/div>\t\t\t\t<\/div>\n\t\t\t\t<\/div>\n\t\t\t\t<div class=\"elementor-element elementor-element-db91013 elementor-position-left elementor-vertical-align-middle elementor-widget elementor-widget-image-box\" data-id=\"db91013\" data-element_type=\"widget\" data-widget_type=\"image-box.default\">\n\t\t\t\t<div class=\"elementor-widget-container\">\n\t\t\t\t\t<div class=\"elementor-image-box-wrapper\"><figure class=\"elementor-image-box-img\"><img loading=\"lazy\" decoding=\"async\" width=\"1000\" height=\"400\" src=\"https:\/\/mstefaniszyn.ksr.zgo.pl\/wp-content\/uploads\/2025\/03\/komornicy_0002_logo_ministerstwo.png\" class=\"attachment-full size-full wp-image-193\" alt=\"\" srcset=\"https:\/\/mstefaniszyn.ksr.zgo.pl\/wp-content\/uploads\/2025\/03\/komornicy_0002_logo_ministerstwo.png 1000w, https:\/\/mstefaniszyn.ksr.zgo.pl\/wp-content\/uploads\/2025\/03\/komornicy_0002_logo_ministerstwo-300x120.png 300w, https:\/\/mstefaniszyn.ksr.zgo.pl\/wp-content\/uploads\/2025\/03\/komornicy_0002_logo_ministerstwo-768x307.png 768w\" sizes=\"(max-width: 1000px) 100vw, 1000px\" \/><\/figure><div class=\"elementor-image-box-content\"><p class=\"elementor-image-box-description\"><b>CBDKW<\/b> - narz\u0119dzie umo\u017cliwiaj\u0105ce dost\u0119p elektroniczny do centralnej bazy danych ksi\u0105g wieczystych. Dzi\u0119ki temu systemowi, kancelaria komornicza szybko pozyskuje informacje o nieruchomo\u015bciach d\u0142u\u017cnik\u00f3w, co jest kluczowe w procesie egzekucji maj\u0105tku nieruchomego.<\/p><\/div><\/div>\t\t\t\t<\/div>\n\t\t\t\t<\/div>\n\t\t\t\t\t<\/div>\n\t\t\t\t<\/div>\n\t\t\t\t<\/div>\n\t\t","protected":false},"excerpt":{"rendered":"<p>Kancelaria zosta\u0142a utworzona przez komornika Magdalen\u0119 Stefaniszyn, celem realizowania ustawowych zada\u0144, do kt\u00f3rych w szczeg\u00f3lno\u015bci nale\u017cy wykonywanie:\u00a0 egzekucji \u015bwiadcze\u0144 pieni\u0119\u017cnych zabezpiecze\u0144 eksmisji wydania nieruchomo\u015bci wydania ruchomo\u015bci spis\u00f3w inwentarza Komornik jest&hellip;<\/p>\n","protected":false},"author":1,"featured_media":0,"parent":0,"menu_order":0,"comment_status":"closed","ping_status":"closed","template":"","meta":{"footnotes":""},"class_list":["post-81","page","type-page","status-publish","hentry"],"_links":{"self":[{"href":"https:\/\/mstefaniszyn.ksr.zgo.pl\/index.php\/wp-json\/wp\/v2\/pages\/81","targetHints":{"allow":["GET"]}}],"collection":[{"href":"https:\/\/mstefaniszyn.ksr.zgo.pl\/index.php\/wp-json\/wp\/v2\/pages"}],"about":[{"href":"https:\/\/mstefaniszyn.ksr.zgo.pl\/index.php\/wp-json\/wp\/v2\/types\/page"}],"author":[{"embeddable":true,"href":"https:\/\/mstefaniszyn.ksr.zgo.pl\/index.php\/wp-json\/wp\/v2\/users\/1"}],"replies":[{"embeddable":true,"href":"https:\/\/mstefaniszyn.ksr.zgo.pl\/index.php\/wp-json\/wp\/v2\/comments?post=81"}],"version-history":[{"count":13,"href":"https:\/\/mstefaniszyn.ksr.zgo.pl\/index.php\/wp-json\/wp\/v2\/pages\/81\/revisions"}],"predecessor-version":[{"id":196,"href":"https:\/\/mstefaniszyn.ksr.zgo.pl\/index.php\/wp-json\/wp\/v2\/pages\/81\/revisions\/196"}],"wp:attachment":[{"href":"https:\/\/mstefaniszyn.ksr.zgo.pl\/index.php\/wp-json\/wp\/v2\/media?parent=81"}],"curies":[{"name":"wp","href":"https:\/\/api.w.org\/{rel}","templated":true}]}}