{"id":96,"date":"2025-02-27T09:04:51","date_gmt":"2025-02-27T09:04:51","guid":{"rendered":"https:\/\/mstefaniszyn.ksr.zgo.pl\/?page_id=96"},"modified":"2025-02-27T09:10:10","modified_gmt":"2025-02-27T09:10:10","slug":"dokumenty","status":"publish","type":"page","link":"https:\/\/mstefaniszyn.ksr.zgo.pl\/index.php\/dokumenty\/","title":{"rendered":"Dokumenty"},"content":{"rendered":"\t\t<div data-elementor-type=\"wp-page\" data-elementor-id=\"96\" class=\"elementor elementor-96\">\n\t\t\t\t<div class=\"elementor-element elementor-element-1ed5784 e-flex e-con-boxed e-con e-parent\" data-id=\"1ed5784\" data-element_type=\"container\">\n\t\t\t\t\t<div class=\"e-con-inner\">\n\t\t\t\t<div class=\"elementor-element elementor-element-4981ddb elementor-widget elementor-widget-text-editor\" data-id=\"4981ddb\" data-element_type=\"widget\" data-widget_type=\"text-editor.default\">\n\t\t\t\t<div class=\"elementor-widget-container\">\n\t\t\t\t\t\t\t\t\t<p>Wniosek nale\u017cy z\u0142o\u017cy\u0107 do komornika w <strong>oryginale<\/strong>, wraz z tytu\u0142em wykonawczym (r\u00f3wnie\u017c w oryginale).<br \/>Wniosek nale\u017cy wype\u0142ni\u0107 <strong>czytelnie<\/strong>, najlepiej drukowanymi literami.<br \/><strong>Wszystkie pola<\/strong> powinny by\u0107 wype\u0142nione.<br \/>Wierzyciel powinien wskaza\u0107 mo\u017cliwie <strong>najwi\u0119cej danych<\/strong> identyfikacyjnych d\u0142u\u017cnika, co zwi\u0119ksza szanse na skuteczne wyegzekwowanie nale\u017cno\u015bci.<br \/>Wierzyciel musi podpisa\u0107 wniosek <strong>czytelnie<\/strong>, imieniem oraz nazwiskiem.<\/p><p>Je\u015bli wniosek sk\u0142ada osoba reprezentuj\u0105ca wierzyciela, do wniosku nale\u017cy <strong>za\u0142\u0105czy\u0107 pe\u0142nomocnictwo i\/lub odpis KRS<\/strong> (w przypadku sp\u00f3\u0142ek prawa handlowego).<\/p>\t\t\t\t\t\t\t\t<\/div>\n\t\t\t\t<\/div>\n\t\t\t\t\t<\/div>\n\t\t\t\t<\/div>\n\t\t<div class=\"elementor-element elementor-element-27884e1 e-grid e-con-boxed e-con e-parent\" data-id=\"27884e1\" data-element_type=\"container\">\n\t\t\t\t\t<div class=\"e-con-inner\">\n\t\t\t\t<div class=\"elementor-element elementor-element-7d66eab elementor-position-left elementor-vertical-align-middle elementor-view-default elementor-mobile-position-top elementor-widget elementor-widget-icon-box\" data-id=\"7d66eab\" data-element_type=\"widget\" data-widget_type=\"icon-box.default\">\n\t\t\t\t<div class=\"elementor-widget-container\">\n\t\t\t\t\t\t\t<div class=\"elementor-icon-box-wrapper\">\n\n\t\t\t\t\t\t<div class=\"elementor-icon-box-icon\">\n\t\t\t\t<span  class=\"elementor-icon\">\n\t\t\t\t<svg xmlns=\"http:\/\/www.w3.org\/2000\/svg\" xmlns:xlink=\"http:\/\/www.w3.org\/1999\/xlink\" xmlns:svg=\"http:\/\/www.w3.org\/2000\/svg\" id=\"svg4635\" viewBox=\"0 0 682.7 682.7\"><defs><style>      .st0 {        stroke-linecap: round;        stroke-linejoin: round;        stroke-width: 20px;      }      .st0, .st1 {        fill: none;        stroke: #0052a5;      }      .st1 {        stroke-miterlimit: 10;      }      .st2 {        clip-path: url(#clippath);      }    <\/style><clipPath id=\"clippath\"><rect class=\"st1\" y=\"0\" width=\"682.7\" height=\"682.7\"><\/rect><\/clipPath><\/defs><g id=\"g4641\"><g id=\"g4643\"><g><g class=\"st2\"><g id=\"g4645\"><g id=\"g4651\"><path id=\"path4653\" class=\"st0\" d=\"M23.3,557.7v57.3c0,31.9,26,57.7,58,57.7h283.8l163-162.2V217.5\"><\/path><\/g><g id=\"g4655\"><path id=\"path4657\" class=\"st0\" d=\"M446.6,105H81.3c-32,0-58,25.8-58,57.7v340\"><\/path><\/g><g id=\"g4659\"><path id=\"path4661\" class=\"st0\" d=\"M365.1,672.7v-104.5c0-31.9,26-57.7,58-57.7h105\"><\/path><\/g><g id=\"g4663\"><path id=\"path4665\" class=\"st0\" d=\"M174.8,255.5c0,22.5-18.3,40.7-40.9,40.7s-40.9-18.2-40.9-40.7,18.3-40.7,40.9-40.7,40.9,18.2,40.9,40.7Z\"><\/path><\/g><g id=\"g4667\"><path id=\"path4669\" class=\"st0\" d=\"M174.8,393.3c0,22.5-18.3,40.7-40.9,40.7s-40.9-18.2-40.9-40.7,18.3-40.7,40.9-40.7,40.9,18.2,40.9,40.7Z\"><\/path><\/g><g id=\"g4671\"><path id=\"path4673\" class=\"st0\" d=\"M174.8,531c0,22.5-18.3,40.7-40.9,40.7s-40.9-18.2-40.9-40.7,18.3-40.7,40.9-40.7,40.9,18.2,40.9,40.7Z\"><\/path><\/g><g id=\"g4675\"><path id=\"path4677\" class=\"st0\" d=\"M225,255.5h221.6\"><\/path><\/g><g id=\"g4679\"><path id=\"path4681\" class=\"st0\" d=\"M225,393.3h221.6\"><\/path><\/g><g id=\"g4683\"><path id=\"path4685\" class=\"st0\" d=\"M225,531h84.1\"><\/path><\/g><g id=\"g4687\"><path id=\"path4689\" class=\"st0\" d=\"M600.5,20.8c-14-6.9-29.8-10.8-46.5-10.8-58.2,0-105.3,47.2-105.3,105.3s47.2,105.3,105.3,105.3,105.3-47.2,105.3-105.3-6.9-42.8-18.6-59.8\"><\/path><\/g><g id=\"g4691\"><path id=\"path4693\" class=\"st0\" d=\"M554,74.3v82\"><\/path><\/g><g id=\"g4695\"><path id=\"path4697\" class=\"st0\" d=\"M595,115.3h-82\"><\/path><\/g><\/g><\/g><rect class=\"st1\" y=\"0\" width=\"682.7\" height=\"682.7\"><\/rect><\/g><\/g><\/g><\/svg>\t\t\t\t<\/span>\n\t\t\t<\/div>\n\t\t\t\n\t\t\t\t\t\t<div class=\"elementor-icon-box-content\">\n\n\t\t\t\t\n\t\t\t\t\t\t\t\t\t<p class=\"elementor-icon-box-description\">\n\t\t\t\t\t\twniosek o egzekucj\u0119 \u015bwiadczen pieni\u0119\u017cnych\t\t\t\t\t<\/p>\n\t\t\t\t\n\t\t\t<\/div>\n\t\t\t\n\t\t<\/div>\n\t\t\t\t\t\t<\/div>\n\t\t\t\t<\/div>\n\t\t\t\t<div class=\"elementor-element elementor-element-10dc0fd elementor-position-left elementor-vertical-align-middle elementor-view-default elementor-mobile-position-top elementor-widget elementor-widget-icon-box\" data-id=\"10dc0fd\" data-element_type=\"widget\" data-widget_type=\"icon-box.default\">\n\t\t\t\t<div class=\"elementor-widget-container\">\n\t\t\t\t\t\t\t<div class=\"elementor-icon-box-wrapper\">\n\n\t\t\t\t\t\t<div class=\"elementor-icon-box-icon\">\n\t\t\t\t<span  class=\"elementor-icon\">\n\t\t\t\t<svg xmlns=\"http:\/\/www.w3.org\/2000\/svg\" xmlns:xlink=\"http:\/\/www.w3.org\/1999\/xlink\" xmlns:svg=\"http:\/\/www.w3.org\/2000\/svg\" id=\"svg4635\" viewBox=\"0 0 682.7 682.7\"><defs><style>      .st0 {        stroke-linecap: round;        stroke-linejoin: round;        stroke-width: 20px;      }      .st0, .st1 {        fill: none;        stroke: #0052a5;      }      .st1 {        stroke-miterlimit: 10;      }      .st2 {        clip-path: url(#clippath);      }    <\/style><clipPath id=\"clippath\"><rect class=\"st1\" y=\"0\" width=\"682.7\" height=\"682.7\"><\/rect><\/clipPath><\/defs><g id=\"g4641\"><g id=\"g4643\"><g><g class=\"st2\"><g id=\"g4645\"><g id=\"g4651\"><path id=\"path4653\" class=\"st0\" d=\"M23.3,557.7v57.3c0,31.9,26,57.7,58,57.7h283.8l163-162.2V217.5\"><\/path><\/g><g id=\"g4655\"><path id=\"path4657\" class=\"st0\" d=\"M446.6,105H81.3c-32,0-58,25.8-58,57.7v340\"><\/path><\/g><g id=\"g4659\"><path id=\"path4661\" class=\"st0\" d=\"M365.1,672.7v-104.5c0-31.9,26-57.7,58-57.7h105\"><\/path><\/g><g id=\"g4663\"><path id=\"path4665\" class=\"st0\" d=\"M174.8,255.5c0,22.5-18.3,40.7-40.9,40.7s-40.9-18.2-40.9-40.7,18.3-40.7,40.9-40.7,40.9,18.2,40.9,40.7Z\"><\/path><\/g><g id=\"g4667\"><path id=\"path4669\" class=\"st0\" d=\"M174.8,393.3c0,22.5-18.3,40.7-40.9,40.7s-40.9-18.2-40.9-40.7,18.3-40.7,40.9-40.7,40.9,18.2,40.9,40.7Z\"><\/path><\/g><g id=\"g4671\"><path id=\"path4673\" class=\"st0\" d=\"M174.8,531c0,22.5-18.3,40.7-40.9,40.7s-40.9-18.2-40.9-40.7,18.3-40.7,40.9-40.7,40.9,18.2,40.9,40.7Z\"><\/path><\/g><g id=\"g4675\"><path id=\"path4677\" class=\"st0\" d=\"M225,255.5h221.6\"><\/path><\/g><g id=\"g4679\"><path id=\"path4681\" class=\"st0\" d=\"M225,393.3h221.6\"><\/path><\/g><g id=\"g4683\"><path id=\"path4685\" class=\"st0\" d=\"M225,531h84.1\"><\/path><\/g><g id=\"g4687\"><path id=\"path4689\" class=\"st0\" d=\"M600.5,20.8c-14-6.9-29.8-10.8-46.5-10.8-58.2,0-105.3,47.2-105.3,105.3s47.2,105.3,105.3,105.3,105.3-47.2,105.3-105.3-6.9-42.8-18.6-59.8\"><\/path><\/g><g id=\"g4691\"><path id=\"path4693\" class=\"st0\" d=\"M554,74.3v82\"><\/path><\/g><g id=\"g4695\"><path id=\"path4697\" class=\"st0\" d=\"M595,115.3h-82\"><\/path><\/g><\/g><\/g><rect class=\"st1\" y=\"0\" width=\"682.7\" height=\"682.7\"><\/rect><\/g><\/g><\/g><\/svg>\t\t\t\t<\/span>\n\t\t\t<\/div>\n\t\t\t\n\t\t\t\t\t\t<div class=\"elementor-icon-box-content\">\n\n\t\t\t\t\n\t\t\t\t\t\t\t\t\t<p class=\"elementor-icon-box-description\">\n\t\t\t\t\t\twniosek o alimenty (\u015bwiadczenia powtarzaj\u0105ce si\u0119)\t\t\t\t\t<\/p>\n\t\t\t\t\n\t\t\t<\/div>\n\t\t\t\n\t\t<\/div>\n\t\t\t\t\t\t<\/div>\n\t\t\t\t<\/div>\n\t\t\t\t\t<\/div>\n\t\t\t\t<\/div>\n\t\t\t\t<\/div>\n\t\t","protected":false},"excerpt":{"rendered":"<p>Wniosek nale\u017cy z\u0142o\u017cy\u0107 do komornika w oryginale, wraz z tytu\u0142em wykonawczym (r\u00f3wnie\u017c w oryginale).Wniosek nale\u017cy wype\u0142ni\u0107 czytelnie, najlepiej drukowanymi literami.Wszystkie pola powinny by\u0107 wype\u0142nione.Wierzyciel powinien wskaza\u0107 mo\u017cliwie najwi\u0119cej danych identyfikacyjnych&hellip;<\/p>\n","protected":false},"author":1,"featured_media":0,"parent":0,"menu_order":0,"comment_status":"closed","ping_status":"closed","template":"","meta":{"footnotes":""},"class_list":["post-96","page","type-page","status-publish","hentry"],"_links":{"self":[{"href":"https:\/\/mstefaniszyn.ksr.zgo.pl\/index.php\/wp-json\/wp\/v2\/pages\/96","targetHints":{"allow":["GET"]}}],"collection":[{"href":"https:\/\/mstefaniszyn.ksr.zgo.pl\/index.php\/wp-json\/wp\/v2\/pages"}],"about":[{"href":"https:\/\/mstefaniszyn.ksr.zgo.pl\/index.php\/wp-json\/wp\/v2\/types\/page"}],"author":[{"embeddable":true,"href":"https:\/\/mstefaniszyn.ksr.zgo.pl\/index.php\/wp-json\/wp\/v2\/users\/1"}],"replies":[{"embeddable":true,"href":"https:\/\/mstefaniszyn.ksr.zgo.pl\/index.php\/wp-json\/wp\/v2\/comments?post=96"}],"version-history":[{"count":4,"href":"https:\/\/mstefaniszyn.ksr.zgo.pl\/index.php\/wp-json\/wp\/v2\/pages\/96\/revisions"}],"predecessor-version":[{"id":102,"href":"https:\/\/mstefaniszyn.ksr.zgo.pl\/index.php\/wp-json\/wp\/v2\/pages\/96\/revisions\/102"}],"wp:attachment":[{"href":"https:\/\/mstefaniszyn.ksr.zgo.pl\/index.php\/wp-json\/wp\/v2\/media?parent=96"}],"curies":[{"name":"wp","href":"https:\/\/api.w.org\/{rel}","templated":true}]}}